) = -37*a**2 - 11*a + 24. Let m(b) = 24*b**2 + 7*b - 15. Let n(z) = 5*l(z) + 8*m(z). Calculate n(2).
30
Let x(f) be the first derivative of -3*f**2 + 2*f - 393. What is x(1)?
-4
Let y = 20 - 23. Let t(d) = -9*d. Let s(c) = 28*c - 1. Let x(f) = -2*s(f) - 7*t(f). Determine x(y).
-19
Suppose -20 = -3*d - 2*d. Let h(u) = 6*u**3 - 3*u**2 + 2*u - 7. Let k(z) = 5*z**3 - 3*z**2 + z - 5. Let m(g) = -4*h(g) + 5*k(g). Give m(d).
7
Let l = 1 - -2. Let p(k) = l - k - 7*k - 9 - k**2. Suppose -4*c = -4*h - 24, 0 = 5*h + 2*c + 31 - 8. What is p(h)?
9
Let o = 225 - 498. Let u be 4/(-10) - o/(-105). Let q(t) = -2*t**2 + t + 0*t + 3 + t**2. Calculate q(u).
-9
Let b(c) = -c**3 + 21*c**2 + 23*c - 17. Let m be b(22). Let p(g) = -g**3 + 5*g**2 - 4*g + 7. Calculate p(m).
-13
Let c(h) = 4*h**2 - 53*h + 44. Let n be c(12). Let j(q) = -q**3 - 15*q**2 + 17*q + 18. Determine j(n).
2
Let y(d) be the first derivative of -d**4/4 + d**3/3 - 3*d**2/2 - d - 314. What is y(-2)?
17
Let y(p) = p**3 + 3*p**2 - 3*p + 5. Let v = -13 + 17. Let a be v + (-1 - -1)/(-3). Suppose i + 5*r - 9 = 2*i, 3*i + 8 = -a*r. Determine y(i).
1
Let l(u) = -u - 6. Suppose -4*w - 51 = 3*h, 9 - 32 = 2*h - w. Suppose -9*v + 3 = -60. Let q = v + h. Give l(q).
0
Suppose -8*k + 3*k = 4*i + 98, -4*k + 2*i = 68. Let s(x) = -x - 15. What is s(k)?
3
Let f = 7 + -7. Let q be (8 + -14)/(-3) - (f + 0). Let h(j) = -j**3 - j**2 + 2*j + 1. Determine h(q).
-7
Let d = 119 - 136. Let t(h) = -h**2 - 18*h - 18. Determine t(d).
-1
Let r(w) = w**3 - 7*w**2 - 6*w - 3. Let f(l) = l**2 + 2*l - 16. Let o be f(-6). What is r(o)?
13
Let g = 237 - 240. Let k(l) = -l**3 - 4*l**2 - 2*l - 1. Calculate k(g).
-4
Let s(f) = -3 + 0*f**2 + f**2 + 5*f + 0*f**2. Let i(a) = 2*a - 8. Let d be i(4). Let p be -4 + d + 0/(-1). What is s(p)?
-7
Let n(p) = -p**3 + 10*p**2 + 36*p + 31. Let s be n(13). Suppose 6*u - 2*u + 36 = 0. Let c = s - u. Let q(j) = 18*j**2 - 2*j + 1. Calculate q(c).
17
Let r(a) = -a**3 - a**2 - a - 1. Let i(v) = -v**2 + 422*v - 3 - 3*v**2 - 416*v + 2*v**3 + v**3. Let k(q) = i(q) + 2*r(q). Calculate k(4).
-21
Suppose -4*f + 7 = -f + 2*h, 4*f - 16 = -h. Suppose -9 - 1 = -f*q. Let b(v) = -v**3 + v**2 + 3*v - 3. Give b(q).
-1
Let h(j) = -2*j - 38. Let n(y) = -9*y - 17. Let k be n(0). Calculate h(k).
-4
Let n(w) = -12*w**3 - w + 1. Suppose 4*g = 3*c + 7, -2 + 1 = g + 2*c. Determine n(g).
-12
Suppose -2*z = z + 5*g - 26, 4*g = 16. Let r(w) = 2*w**z - 3*w**2 - 2*w - 4*w + 5. Suppose -484 + 460 = 4*s. Determine r(s).
5
Let d(a) = a**3 + 7*a**2 + 8*a + 4. Suppose -474 = 4*c - 3*p, -4*c + p + 122 = -5*c. Let z = 115 + c. Determine d(z).
14
Let v(w) = 0*w + 10*w - 3*w**2 + 24 + 2*w**2 + 0*w**2 - 8. Determine v(12).
-8
Suppose 0*o = o. Let q(y) = y**2 - 4 + o*y + 3*y - 1. Let b(a) = -5*a + 125. Let w be b(26). What is q(w)?
5
Let m(c) = c**3 - 4*c**2 - 4*c + 5. Let g be 9/(-12) + 2/(-8). Let x be (-1)/g + (4 - 4). Let s be (-5 - -6) + x + 3. Give m(s).
10
Let d(o) = -o**2 - o + 40. Suppose -a - 1 = -0, 0 = 4*w + 2*a + 2. Give d(w).
40
Let l(f) = 2*f**2 + 2. Suppose 4*q = -2*q + 12. Suppose 5*w = 3*h - 12, -3*h = 4*w + q*h + 17. Determine l(w).
20
Let f(c) = -4*c. Let k = 4 + 21. Suppose -3*n + 5*n + 5*o = -27, 4*o = -5*n - k. Let p be f(n). Let g(v) = -v**2 + v + 4. What is g(p)?
-8
Let m = 8 + -6. Let t(u) = -u**2 + m - 6 + 4*u + 5*u - 3*u. Determine t(5).
1
Let a(u) = -4*u**2 + 3*u - 4. Let v(l) = -3*l**2 + 2*l - 3. Let t(y) = -2*a(y) + 3*v(y). What is t(-2)?
-5
Let u be (-11)/((-297)/(-144)) - (-4)/3. Let a(l) = -l**3 - 5*l**2 - 6*l - 3. Give a(u).
5
Let n(y) = y**2 + 10*y + 26. Let o be n(-4). Let d(h) be the second derivative of 1/2*h**3 + 0 + 3*h - 1/2*h**2. Give d(o).
5
Let a(b) = 3*b**2 + 2*b + 1. Let o be a(-1). Let n be 0 - o - (-6)/2. Let l(z) = 17*z**2 - z. Calculate l(n).
16
Let h(r) = 30*r**2 + 19*r + 16. Let j(m) = 17*m**2 + 11*m + 9. Let u(w) = -4*h(w) + 7*j(w). Give u(1).
-1
Suppose -36 = 94*i - 85*i. Let h(v) be the first derivative of -v**4/12 - 7*v**3/6 - 5*v**2/2 - v - 1. Let g(f) be the first derivative of h(f). Determine g(i).
7
Let v(z) be the second derivative of z**4/12 + 5*z**3/6 - 3*z**2 + 4*z - 4. Determine v(-7).
8
Let q(w) be the first derivative of -19 - 5*w - 7/2*w**2 - 1/3*w**3. Determine q(-6).
1
Let k(j) = -j**3 - 3*j**2 + 4*j + 1. Let c(t) = -t**3 - 2*t**2 + 9*t - 6. Let s be c(-5). Let o = s + -27. Give k(o).
-11
Let w(u) = u + 10. Let s be (4 + (-4)/8)*(-1 - 1). What is w(s)?
3
Let w(y) = -10*y**2 + 1. Suppose t - d - 1 = 0, -5*t + 4*t + 4*d = -1. What is w(t)?
-9
Let k(x) be the third derivative of 1/120*x**6 - 4*x**2 + 0*x + 0*x**3 - 7/24*x**4 + 0 - 1/12*x**5. What is k(6)?
-6
Suppose 12 = -4*y + 4. Let x(o) = -3*o + 1. Let h be x(y). Let b(j) = -2*j + 10. Calculate b(h).
-4
Let u(z) be the second derivative of -z**7/2520 + z**6/720 + z**5/24 + 19*z**4/12 + 7*z. Let n(k) be the third derivative of u(k). Determine n(0).
5
Let i = -6 - -9. Let l(t) be the third derivative of -t**5/60 + t**4/8 - t**3/2 - 19*t**2. Determine l(i).
-3
Suppose 289*a - 263*a - 104 = 0. Let q(x) = -3*x - 1. Give q(a).
-13
Let y be 10*(2 + (2 - 2)). Let l(k) = 6*k**2 + 39*k + 5. Let w be l(-7). Let q = y - w. Let a(o) = o + 3. Give a(q).
-3
Let f(x) be the first derivative of -x**2/2 - 9*x - 76. Calculate f(7).
-16
Let r(t) = 4 - 2*t + 3*t + t. Let l(j) = j**2 + 30*j + 157. Let a be l(-23). What is r(a)?
-4
Let x be 0 + (2 - 6/3). Let m(y) be the first derivative of 8 + 6*y - 1/2*y**2. Give m(x).
6
Let w(l) = -22*l - 10. Let r(u) = -u - 40 - 6*u + 37. Let d(o) = 7*r(o) - 2*w(o). What is d(1)?
-6
Let a(i) be the second derivative of -i**4/12 - i**3/6 - 9*i**2 + 14*i. Determine a(0).
-18
Suppose x = -15 + 9. Let g be 4*1/(2/(-4)). Let h be -2*x/g*2. Let q(j) = j + 4. What is q(h)?
1
Let o(l) = l**2 + 9*l + 9. Let a be o(-9). Let k = -12 + a. Let u(w) = -2*w + 1. Give u(k).
7
Suppose -3*y + 5*y = 6. Let u(b) be the first derivative of b**4/4 - b**3 - b - 188. Calculate u(y).
-1
Let q(a) = 48*a - 102. Let v be q(2). Let k(u) = u**3 + 6*u**2 + u - 5. Give k(v).
-11
Let h(c) = -c**3 - 4*c**2 + c + 4. Let t = 61 + -28. Suppose 5*f - 18 = -t. Give h(f).
-8
Suppose 2*u - u + 1 = 0. Let t be u*(3/9)/((-1)/(-6)). Let c(a) = -a**3 - 2*a**2 - 1. What is c(t)?
-1
Let q(l) = 7*l**2 - 2*l - 1. Let g(v) = -2*v - 27. Let f = -10 - 3. Let k be g(f). Determine q(k).
8
Let m = 341 - 344. Let l(n) = n**3 + 3*n**2 - 3*n + 3. What is l(m)?
12
Let h be 5*2/20*6. Let f(m) = -m**3 - m**2 + 5*m - 4. Determine f(h).
-25
Suppose 61 - 2 = -3*i - 4*f, 87 = -4*i + 3*f. Let w = i - -36. Let s(y) = -2*y**2 - 16 + y**3 + w + 3*y**2 + 3*y**2. Give s(-2).
7
Let q(b) = -b**3 + 8*b**2 - 10*b + 16. Let h(i) = 2*i**3 - 16*i**2 + 20*i - 32. Let v(p) = 2*h(p) + 5*q(p). Determine v(7).
-5
Let c(l) be the second derivative of 0 - 12*l - 1/6*l**4 - l**2 + 2/3*l**3. Determine c(2).
-2
Let f be ((-1)/(-3))/(2/6). Let d be -1*(-6)/(-2) - f. Let n(j) = 135 + 4*j - 68 - j**3 - 3*j**2 - 63. Give n(d).
4
Let i be -24*((-2)/1)/4. Let w(h) = 2*h**2 + h. Let y(f) = f**3 - 18*f**2 - 3*f + 7. Let n(v) = 3*w(v) + y(v). Give n(i).
7
Let h(f) be the first derivative of 8*f**3/3 - f - 37. Calculate h(1).
7
Let c(d) = -d - 5. Let l be 5*(-9)/(-10)*2. Let r(k) = -k - 1. Let n be r(l). What is c(n)?
5
Let o = -6 - -8. Suppose 0*m = -m + o*a + 36, -m = -5*a - 33. Let t(n) = -39*n**2 - n + 0 + 2 - 5*n + m*n**2. What is t(-6)?
2
Let h(a) = -2*a**2 + a + 10. Let r(f) = 3*f**2 - 2*f - 21. Suppose 11 = 5*p - 14. Let u(w) = p*h(w) + 3*r(w). What is u(0)?
-13
Let n(g) = -2*g**3 + 4*g**2 + 3*g - 6. Let c(s) = s**3 - s - 3. Let k be c(2). Determine n(k).
-15
Let y(h) = h**2 - 13*h - 11. Let m = -2566 + 2572. Give y(m).
-53
Suppose 0 = 4*u - 4*w + 8, u - 2*w + 10 = -3*w. Let o(v) = 7*v - 60*v**2 + 37*v**2 + 24*v**2. Calculate o(u).
-6
Let a(p) = p**2 + 7*p + 9. Let b be 4/14 + 18/(-63). Suppose 4*h + 23 + 1 = b. Determine a(h).
3
Let n(u) = -u**2 + 3*u + 11. Suppose -h + 75 - 70 = 0. Determine n(h).
1
Let g = -138 + 196. Let j(m) = 0 - 57*m - 1 - g*m + 109*m. Let u be -2*-1*(-1)/2. Give j(u).
5
Let s(v) = -v**3 + 5*v**2 - 5. Let c(u) be the second derivative of -u**3/2 - 25*u**2/2 - u. Suppose -21*y = -5*y + 160. Let o be c(y). What is s(o)?
-5
Let u(j) = 3*j**2 + 3*j. Let b be u(-2). Let n(i) =